ime factors of 1 + 24374 - (126/84 - (-5)/2)?
24371
Suppose -2*j + 5*q + 3079 = -j, -5*j - 2*q = -15422. List the prime factors of (-1)/(18/12*(-8)/j).
257
Let m = -8134 - -10193. What are the prime factors of m?
29, 71
Let z(s) = -18*s**3 - 10*s**2 - 10*s - 49. What are the prime factors of z(-12)?
5, 19, 313
Let d(q) = q**2 + 9*q - 49. Suppose 5*u - 3*u - 2*w = -58, -u - w - 21 = 0. What are the prime factors of d(u)?
3, 13
Let c(u) = -u**3 - 18*u**2 + 29*u - 44. What are the prime factors of c(-20)?
2, 11
Suppose -3260 = 5*f - 2*z + z, -4*z = 2*f + 1304. List the prime factors of (621/12)/(f/(-128) + -5).
2, 3, 23
Suppose 3*j + 3*a = -j + 77303, 0 = -5*j + 2*a + 96646. List the prime factors of j.
2, 151
Let k(b) = -3*b**2 + 34*b - 118. Let j be k(4). Suppose -2*z + g - 32 = 2*z, -3*g + 47 = -5*z. Let c = z - j. List the prime factors of c.
23
Let f = -11475 + 16817. List the prime factors of f.
2, 2671
Let u = -14 + 18. Suppose -u*y = 2*b - 1826, -3*y - b + 1369 = b. List the prime factors of y.
457
Let n be -2 + 3 - (-54 + -1 + 2). Let k = -21 + n. What are the prime factors of k?
3, 11
Suppose -8*x - 85545 = -3*n, 11*x - 57056 = -2*n + 12*x. List the prime factors of n.
103, 277
Let c(f) = 161*f**2 - 66*f + 582. List the prime factors of c(9).
3, 43, 101
Let x = 117 + -92. Suppose 0 = -9*v + x*v - 4384. Suppose 4*r = 2*z - 0*z - 250, 4*r - v = -2*z. What are the prime factors of z?
131
Let v(d) = d**3 + 8*d**2 + 24*d + 58. Let s be v(-6). Let m = s - -976. List the prime factors of m.
2, 13, 37
Let p = -83 + 93. Suppose 2*b = -0*b + p. Suppose b*r + 486 = y + 1355, 2*y = -8. List the prime factors of r.
173
Let r(y) = y**3 - 8*y**2 + 4*y - 15. Let z be r(8). Let o(i) = -78*i - 8*i**2 + 38*i - i**3 + z + 38*i. List the prime factors of o(-8).
3, 11
Let t = 119 - 438. Let p = t - -467. What are the prime factors of p?
2, 37
Let u be (-200)/(-75)*-2*3/(-2). List the prime factors of (u/10)/((-46)/(-40135)).
2, 349
Suppose 0 = -4*y + u + 9 + 4, y = u + 7. Suppose -3*a + 5*c = -5*a + 931, y*a = 4*c + 958. List the prime factors of a.
11, 43
Suppose -108*f + 79549 = -479891. List the prime factors of f.
2, 5, 7, 37
Let t(y) = 50*y**3 + y**2 - 9*y - 22. What are the prime factors of t(5)?
2, 97
Let d(i) = 449*i - 246. Let y(z) = -225*z + 122. Let l(b) = 2*d(b) + 5*y(b). List the prime factors of l(-4).
2, 3, 19
Let g = -27 + 57. Suppose g*i - 8*i = 17336. What are the prime factors of i?
2, 197
Suppose 4*m + 3*s - 632 = 6*s, m - 3*s = 149. Suppose 9 = 5*g - m. Suppose -15*j + 1511 = -g. List the prime factors of j.
103
List the prime factors of ((-66)/10)/(243/(-1144125)).
5, 11, 113
Let a be (-1 - -1)/(0 + -2). Suppose a = 4*n + 409 - 2833. What are the prime factors of n?
2, 3, 101
Let y(s) = 32*s - 95. Let z(d) = -33*d + 96. Let i(b) = -3*y(b) - 4*z(b). What are the prime factors of i(14)?
3, 5
Let i be (-3)/(-12) - (92/(-16) - 0). What are the prime factors of i*(3 + (-735)/(-10))?
3, 17
Let d(m) = 69*m + 6. Let o be d(6). Let s = 3026 + -2842. Suppose -4*t + s = -2*x - o, 0 = -4*x. List the prime factors of t.
151
Let f be (-1 - (-8)/(-4))*(-2 + -3). Suppose -3*z = f*z - 19080. What are the prime factors of z?
2, 5, 53
Suppose -30 = -10*v + 20. Suppose y - 2*y - v*s + 739 = 0, -2*s = 2*y - 1438. List the prime factors of y.
2, 3, 7, 17
Let d be 30/50 - (-14)/10. Let y(s) = 351*s - 54. Let t(h) = 100*h - 15. Let o(v) = 18*t(v) - 5*y(v). List the prime factors of o(d).
2, 3, 5
Let p(v) = -v - 10. Let h be p(-16). Suppose 0*q = 3*q - h. Let c = 27 + q. What are the prime factors of c?
29
Let i = 16100 - 9210. Suppose -i = 3*g - 16*g. List the prime factors of g.
2, 5, 53
Suppose -v + 3*l = -2*v + 59, -l + 161 = 3*v. Let u = v + -122. Let b = u + 170. List the prime factors of b.
101
Let v(m) = -74*m**2 + 23*m + 4. Let q be v(-3). Let g = q - -1340. List the prime factors of g.
3, 7, 29
Let i(g) = -g**3 - 10*g - 129 + 260 - 136 - 18*g**2. Let l be i(-18). Suppose 0 = 5*j - 0 - l. List the prime factors of j.
5, 7
Suppose -13*q + 22 = -4. Suppose 0 = q*h + t - 3 - 2, -2*h + 4 = 2*t. Suppose -5*y - j = -4*j - 707, 0 = -h*y + 2*j + 425. List the prime factors of y.
139
Let s = 94 + -88. Let h be s/((-4)/2 - 360/(-179)). Suppose -1428 = -9*q - h. What are the prime factors of q?
3, 11
What are the prime factors of ((-111)/370)/((-6)/(-15))*215672/(-6)?
26959
Let n(l) = -3591*l - 391. List the prime factors of n(-8).
43, 659
Let k(u) = 485 + 37*u - 551 - u**3 + 29*u**2 + 2*u + 0*u. What are the prime factors of k(30)?
2, 3, 17
What are the prime factors of (4/(4/4))/(8/10) - -8819?
2, 1103
Let v(d) = 15*d**2 - 3*d + 11. Let g(b) = 44*b**2 - 8*b + 34. Let q(x) = -3*g(x) + 10*v(x). What are the prime factors of q(-3)?
2, 47
Let j be 1/(39/26*(-2)/27). Let y be (-4)/(-5 + j/(-3)). Suppose 0 = -y*c - 5*x + 390, -103 + 823 = 4*c - 5*x. List the prime factors of c.
5, 37
Let m(j) = -18*j**3 + 57*j**2 + 13*j - 14. List the prime factors of m(-13).
2, 3, 1361
Let n(j) = 827*j + 5167. What are the prime factors of n(53)?
2, 24499
Suppose 73*r - 114851 = 501780. What are the prime factors of r?
8447
Let f(b) = 3720*b - 5211. What are the prime factors of f(5)?
3, 4463
Let g = 191 - -6. Let c = 485 - g. List the prime factors of c + 24/108 + 20/(-9).
2, 11, 13
Let i(d) = -2*d**3 - 9*d**2 + 8*d + 18. Let t be i(-5). Let v = 121 - 28. Suppose -j + v = -6*g + t*g, 3*j - 292 = -4*g. What are the prime factors of j?
2, 3
Let g(o) = o**2 - 4*o - 18. Let f be g(-7). Let q = 15 - f. Let y = 19 - q. List the prime factors of y.
3, 7
Let l(z) = z**2 - 2*z - 1. Let n(p) = 2*p**2 - 11*p - 1. Let c(q) = 5*l(q) - n(q). Let r = -12 + 9. What are the prime factors of c(r)?
2, 5
Let a(z) = 37918*z**3 + 135*z - 136. List the prime factors of a(1).
3, 11, 383
Let c(w) = -w**2. Let u be c(0). Suppose u = -0*s + 2*s + 2*m - 72, -4*s - 3*m = -143. Let j = s + -1. List the prime factors of j.
2, 17
Suppose 2*t + 90 - 22 = -2*k, -2*k = 5*t + 176. Let l = t - -497. What are the prime factors of l?
461
What are the prime factors of -6 + (24/(-8) - -2147) + -2?
2, 3, 89
Let b = -20268 + 29468. List the prime factors of b.
2, 5, 23
Let a = 1718 - 890. Suppose -5*k = -1132 - a. Suppose 0 = 3*o - 5*z - k, 2*o - 4*z - 520 = -2*o. List the prime factors of o.
3, 43
Let x(z) = -33*z + 23. Let p be x(5). Let b = p + 257. Suppose 5*o + 10 = b. List the prime factors of o.
3, 7
Let n(t) = -14*t - 81. Let v(p) = -p**2 + 2*p - 3. Let r be v(-3). List the prime factors of n(r).
3, 19
Suppose 0 = -27*s - 39835 + 196165. What are the prime factors of s?
2, 3, 5, 193
Suppose -7*k + 61 + 170 = 0. Suppose 0 = -k*g - 421 + 20089. List the prime factors of g.
2, 149
Let x(p) = 289*p**2 - 72*p - 552. List the prime factors of x(-7).
11, 1283
Let g be (-1)/((-69)/12 + 6). List the prime factors of (2 + -2 - g) + 174.
2, 89
Let d(q) = -q + 3. Suppose -8 = 4*y - 2*k, 11 = -y - 4*y + 2*k. Let x be d(y). List the prime factors of x*47/(-1)*(-1)/3.
2, 47
Suppose 53*g - 421410 - 358632 = -34*g. What are the prime factors of g?
2, 4483
Suppose -3*d + 3*z - 36 = 0, -22 = 4*d - 5*z + 31. Let f = d + 15. Let h = f - -87. What are the prime factors of h?
5, 19
Let n = 2128 + 1138. What are the prime factors of n?
2, 23, 71
Suppose 0*v = -3*v - 3*n + 156, 100 = 2*v + 4*n. Let y = v - 52. Suppose -y*p + 5 = -61. What are the prime factors of p?
3, 11
Let t be (18/18)/((-1)/(-132)). Suppose -3*p + 7*p + t = 0. Let h = 19 - p. List the prime factors of h.
2, 13
Suppose 0 = 9*h + 1277 + 2458. Let a = h - -703. List the prime factors of a.
2, 3
Suppose 0 = -4*o - 4*g + 180, 26*g = 23*g + 6. Suppose -o*s = 13*s - 17976. List the prime factors of s.
3, 107
Let f = 15584 + -5576. List the prime factors of f.
2, 3, 139
Suppose -5*s + 4*k + 634 = 0, 0 = -4*s + 4*k + 431 + 73. Suppose z = -4*z - s. Let c = 73 + z. What are the prime factors of c?
47
Suppose 17*h = 52 + 16. Suppose -5*x + 2376 = -w - 0*w, -h*w = -5*x + 2364. What are the prime factors of x?
2, 7, 17
Let n be (2 - -1 - -3)/((-1)/(-13)). Let u = -31 + n. Suppose -r + 74 = -u. What are the prime factors of r?
11
What are the prime factors of (-4)/((-16)/(-66410))*(-296)/740?
29, 229
Suppose -11*m + 162075 = -58695. What are the prime factors of m?
2, 3, 5, 223
